{"id":126,"date":"2019-02-27T08:57:35","date_gmt":"2019-02-27T08:57:35","guid":{"rendered":"http:\/\/www.kath-kindergarten-st-laurentius.de\/?page_id=126"},"modified":"2026-01-12T10:50:11","modified_gmt":"2026-01-12T10:50:11","slug":"foerderverein","status":"publish","type":"page","link":"https:\/\/www.kath-kindergarten-st-laurentius.de\/?page_id=126","title":{"rendered":"F\u00f6rderverein"},"content":{"rendered":"\r\n<p style=\"text-align: center;\"><span style=\"font-family: arial, helvetica, sans-serif; color: #ff99cc; font-size: 14pt;\"><strong>Kindergartenverein<\/strong><\/span><\/p>\r\n<p><span style=\"color: #000000; font-family: arial, helvetica, sans-serif;\">Am 30.09.1971 gr\u00fcndeten 25 engagierte Pers\u00f6nlichkeiten den Kindergartenverein e.V. Parsberg.<\/span><\/p>\r\n<p><span style=\"font-family: arial, helvetica, sans-serif;\">Heute besteht der Verein aus ca. 100 Mitgliedern, darunter langj\u00e4hrige Mitglieder und Gro\u00dfeltern.<\/span><\/p>\r\n<p>&nbsp;<\/p>\r\n<p><span style=\"font-family: arial, helvetica, sans-serif;\">Erster Vorsitzender des Vereins ist der Tr\u00e4gervertreter. Zweite(r) Vorsitzende(r), Kassier und Beisitzer werden alle zwei Jahre neu gew\u00e4hlt. \u00a0\u00a0\u00a0\u00a0\u00a0\u00a0\u00a0\u00a0\u00a0\u00a0\u00a0\u00a0\u00a0\u00a0\u00a0\u00a0\u00a0\u00a0\u00a0\u00a0\u00a0\u00a0\u00a0\u00a0\u00a0\u00a0\u00a0\u00a0\u00a0\u00a0\u00a0\u00a0<\/span><\/p>\r\n<p>&nbsp;<\/p>\r\n<p><span style=\"font-family: arial, helvetica, sans-serif;\">Der Verein unterst\u00fctzt mit Hilfe von Beitr\u00e4gen und Spenden den Kindergarten bei au\u00dferordentliche Ausgaben.<\/span><\/p>\r\n<p><span style=\"font-family: arial, helvetica, sans-serif;\">Das k\u00f6nnen Zusch\u00fcsse f\u00fcr Veranstaltungen, Ausfl\u00fcge oder Spielger\u00e4te sein. Die Beitr\u00e4ge kommen somit allen Kindern zu Gute.<\/span><\/p>\r\n<p>&nbsp;<\/p>\r\n<p><span style=\"font-family: arial, helvetica, sans-serif;\">Vieles w\u00e4re ohne die Unterst\u00fctzung des Kindergartenvereins gar nicht m\u00f6glich.<\/span><\/p>\r\n<p><span style=\"font-family: arial, helvetica, sans-serif;\"><a href=\"https:\/\/kindergartenverein-parsberg.de\/\">https:\/\/kindergartenverein-parsberg.de\/<\/a><\/span><\/p>\r\n<p>&nbsp;<\/p>\r\n<p>&nbsp;<\/p>\r\n<p>&nbsp;<\/p>\r\n","protected":false},"excerpt":{"rendered":"<p>Kindergartenverein Am 30.09.1971 gr\u00fcndeten 25 engagierte Pers\u00f6nlichkeiten den Kindergartenverein e.V. Parsberg. Heute besteht der Verein aus ca. 100 Mitgliedern, darunter langj\u00e4hrige Mitglieder und Gro\u00dfeltern. &nbsp; Erster Vorsitzender des Vereins ist der Tr\u00e4gervertreter. Zweite(r) Vorsitzende(r), Kassier und Beisitzer werden alle zwei Jahre neu gew\u00e4hlt. \u00a0\u00a0\u00a0\u00a0\u00a0\u00a0\u00a0\u00a0\u00a0\u00a0\u00a0\u00a0\u00a0\u00a0\u00a0\u00a0\u00a0\u00a0\u00a0\u00a0\u00a0\u00a0\u00a0\u00a0\u00a0\u00a0\u00a0\u00a0\u00a0\u00a0\u00a0\u00a0 &nbsp; Der Verein unterst\u00fctzt mit Hilfe von Beitr\u00e4gen und Spenden den [&hellip;]<\/p>\n","protected":false},"author":1,"featured_media":0,"parent":57,"menu_order":2,"comment_status":"closed","ping_status":"closed","template":"","meta":{"footnotes":""},"class_list":["post-126","page","type-page","status-publish","hentry"],"_links":{"self":[{"href":"https:\/\/www.kath-kindergarten-st-laurentius.de\/index.php?rest_route=\/wp\/v2\/pages\/126","targetHints":{"allow":["GET"]}}],"collection":[{"href":"https:\/\/www.kath-kindergarten-st-laurentius.de\/index.php?rest_route=\/wp\/v2\/pages"}],"about":[{"href":"https:\/\/www.kath-kindergarten-st-laurentius.de\/index.php?rest_route=\/wp\/v2\/types\/page"}],"author":[{"embeddable":true,"href":"https:\/\/www.kath-kindergarten-st-laurentius.de\/index.php?rest_route=\/wp\/v2\/users\/1"}],"replies":[{"embeddable":true,"href":"https:\/\/www.kath-kindergarten-st-laurentius.de\/index.php?rest_route=%2Fwp%2Fv2%2Fcomments&post=126"}],"version-history":[{"count":11,"href":"https:\/\/www.kath-kindergarten-st-laurentius.de\/index.php?rest_route=\/wp\/v2\/pages\/126\/revisions"}],"predecessor-version":[{"id":1203,"href":"https:\/\/www.kath-kindergarten-st-laurentius.de\/index.php?rest_route=\/wp\/v2\/pages\/126\/revisions\/1203"}],"up":[{"embeddable":true,"href":"https:\/\/www.kath-kindergarten-st-laurentius.de\/index.php?rest_route=\/wp\/v2\/pages\/57"}],"wp:attachment":[{"href":"https:\/\/www.kath-kindergarten-st-laurentius.de\/index.php?rest_route=%2Fwp%2Fv2%2Fmedia&parent=126"}],"curies":[{"name":"wp","href":"https:\/\/api.w.org\/{rel}","templated":true}]}}

Förderverein

<p style="text-align: center;"><span style="font-family: arial, helvetica, sans-serif; color: #ff99cc; font-size: 14pt;"><strong>Kindergartenverein</strong></span></p>
<p><span style="color: #000000; font-family: arial, helvetica, sans-serif;">Am 30.09.1971 gründeten 25 engagierte Persönlichkeiten den Kindergartenverein e.V. Parsberg.</span></p>
<p><span style="font-family: arial, helvetica, sans-serif;">Heute besteht der Verein aus ca. 100 Mitgliedern, darunter langjährige Mitglieder und Großeltern.</span></p>
<p>&nbsp;</p>
<p><span style="font-family: arial, helvetica, sans-serif;">Erster Vorsitzender des Vereins ist der Trägervertreter. Zweite(r) Vorsitzende(r), Kassier und Beisitzer werden alle zwei Jahre neu gewählt.                                 </span></p>
<p>&nbsp;</p>
<p><span style="font-family: arial, helvetica, sans-serif;">Der Verein unterstützt mit Hilfe von Beiträgen und Spenden den Kindergarten bei außerordentliche Ausgaben.</span></p>
<p><span style="font-family: arial, helvetica, sans-serif;">Das können Zuschüsse für Veranstaltungen, Ausflüge oder Spielgeräte sein. Die Beiträge kommen somit allen Kindern zu Gute.</span></p>
<p>&nbsp;</p>
<p><span style="font-family: arial, helvetica, sans-serif;">Vieles wäre ohne die Unterstützung des Kindergartenvereins gar nicht möglich.</span></p>
<p><span style="font-family: arial, helvetica, sans-serif;"><a href="https://kindergartenverein-parsberg.de/">https://kindergartenverein-parsberg.de/</a></span></p>
<p>&nbsp;</p>
<p>&nbsp;</p>
<p>&nbsp;</p>

<p>Kindergartenverein Am 30.09.1971 gründeten 25 engagierte Persönlichkeiten den Kindergartenverein e.V. Parsberg. Heute besteht der Verein aus ca. 100 Mitgliedern, darunter langjährige Mitglieder und Großeltern. &nbsp; Erster Vorsitzender des Vereins ist der Trägervertreter. Zweite(r) Vorsitzende(r), Kassier und Beisitzer werden alle zwei Jahre neu gewählt.                                  &nbsp; Der Verein unterstützt mit Hilfe von Beiträgen und Spenden den [&hellip;]</p>
