{"id":116,"date":"2019-02-27T08:54:21","date_gmt":"2019-02-27T08:54:21","guid":{"rendered":"http:\/\/www.kath-kindergarten-st-laurentius.de\/?page_id=116"},"modified":"2026-01-19T12:45:25","modified_gmt":"2026-01-19T12:45:25","slug":"oeffnungszeiten","status":"publish","type":"page","link":"https:\/\/www.kath-kindergarten-st-laurentius.de\/?page_id=116","title":{"rendered":"\u00d6ffnungszeiten &#038; Beitr\u00e4ge"},"content":{"rendered":"<h2 style=\"text-align: left;\"><span style=\"color: #ff99cc; font-family: arial, helvetica, sans-serif;\"> \u00d6ffnungszeiten und Schlie\u00dftage<\/span><\/h2>\n<p style=\"text-align: left;\"><span style=\"font-family: arial, helvetica, sans-serif;\">Der Kindergarten ist derzeit von 07.15 Uhr bis 16.00 Uhr ge\u00f6ffnet.<\/span><\/p>\n<p style=\"text-align: left;\"><span style=\"font-family: arial, helvetica, sans-serif;\">Bringzeit: 7.15 Uhr &#8211; 8.10 Uhr<\/span><\/p>\n<p style=\"text-align: left;\"><span style=\"font-family: arial, helvetica, sans-serif;\">Die p\u00e4dagogische Kernzeit ist von 8.15 Uhr bis 12.15 Uhr<\/span><\/p>\n<p style=\"text-align: left;\"><span style=\"font-family: arial, helvetica, sans-serif;\">Abholzeiten: 12.30 Uhr &#8211; 13 Uhr sowie von 13.30 Uhr &#8211; 16 Uhr<\/span><\/p>\n<p style=\"text-align: left;\"><span style=\"font-family: arial, helvetica, sans-serif;\">In regelm\u00e4\u00dfigen Abst\u00e4nden ermitteln wir durch Elternbefragung, ob die \u00d6ffnungszeiten den Bed\u00fcrfnissen der Familien entsprechen.<\/span><\/p>\n<p style=\"text-align: left;\"><span style=\"font-family: arial, helvetica, sans-serif;\">Eine \u00c4nderung der \u00d6ffnungszeiten kann jedoch aus wirtschaftlichen Gr\u00fcnden nur bei ausreichend gro\u00dfem Bedarf erfolgen.<\/span><\/p>\n<p style=\"text-align: left;\"><span style=\"font-family: arial, helvetica, sans-serif;\">Der Kindergarten kann an maximal drei\u00dfig Tagen geschlossen werden.<\/span><\/p>\n<p style=\"text-align: left;\"><span style=\"font-family: arial, helvetica, sans-serif;\">Das Kindertagesst\u00e4tten Gesetz erlaubt zus\u00e4tzlich f\u00fcnf Teamfortbildungs \u2013 bzw. Konzeptions \u2013 oder Jahresplanungstage.<\/span><\/p>\n<p style=\"text-align: left;\"><span style=\"font-family: arial, helvetica, sans-serif;\">Jahresplanungs \u2013 bzw. Konzeptions &#8211; oder Fortbildungstage k\u00f6nnen auch w\u00e4hrend des Jahres festgelegt werden.<\/span><\/p>\n<p style=\"text-align: left;\"><span style=\"font-family: arial, helvetica, sans-serif;\">Sie dienen der Sicherung der p\u00e4dagogischen Qualit\u00e4t.<\/span><\/p>\n<p style=\"text-align: left;\"><span style=\"font-family: arial, helvetica, sans-serif;\"><span style=\"font-size: 12pt;\">Selbstverst\u00e4ndlich<\/span> werden die Eltern fr\u00fchzeitig informiert.<\/span><\/p>\n<h2><span style=\"color: #ff99cc; font-size: 18pt;\"><span style=\"font-family: arial, helvetica, sans-serif;\">Buchungskategorien und Beitr\u00e4ge<\/span><\/span><\/h2>\n<p><span style=\"font-family: arial, helvetica, sans-serif;\">Hier finden Sie die aktuelle Staffelung der Buchungszeiten und die dazugeh\u00f6rigen Preise. Zu jedem Beitrag kommen, unabh\u00e4ngig von der Buchungszeit, <strong>7,50\u20ac Spielgeld<\/strong>.<\/span><\/p>\n<p><span style=\"font-family: arial, helvetica, sans-serif;\">Eltern von Kindern im Kindergartenalter (ab dem dritten Lebensjahr) erhalten einen Zuschuss von 100,00 \u20ac vom Freistaat Bayern.<\/span><\/p>\n<table cellspacing=\"0\" cellpadding=\"0\">\n<tbody>\n<tr>\n<td valign=\"middle\"><span style=\"font-family: arial, helvetica, sans-serif;\">Buchungszeiten<\/span><\/td>\n<td valign=\"top\"><span style=\"font-family: arial, helvetica, sans-serif;\">Kindergarten\/Kleinkindgruppe<\/span><\/td>\n<\/tr>\n<tr>\n<td valign=\"top\"><span style=\"font-family: arial, helvetica, sans-serif;\">3-4 Stunden<\/span><\/td>\n<td valign=\"top\"><span style=\"font-family: arial, helvetica, sans-serif;\">110,00 \u20ac<\/span><\/td>\n<\/tr>\n<tr>\n<td valign=\"top\"><span style=\"font-family: arial, helvetica, sans-serif;\">4-5 Stunden<\/span><\/td>\n<td valign=\"top\"><span style=\"font-family: arial, helvetica, sans-serif;\">121,00 \u20ac<\/span><\/td>\n<\/tr>\n<tr>\n<td valign=\"top\"><span style=\"font-family: arial, helvetica, sans-serif;\">5-6 Stunden<\/span><\/td>\n<td valign=\"top\"><span style=\"font-family: arial, helvetica, sans-serif;\">132,00 \u20ac<\/span><\/td>\n<\/tr>\n<tr>\n<td valign=\"top\"><span style=\"font-family: arial, helvetica, sans-serif;\">6-7 Stunden<\/span><\/td>\n<td valign=\"top\"><span style=\"font-family: arial, helvetica, sans-serif;\">143,00 \u20ac<\/span><\/td>\n<\/tr>\n<tr>\n<td valign=\"top\"><span style=\"font-family: arial, helvetica, sans-serif;\">7-8 Stunden<\/span><\/td>\n<td valign=\"top\"><span style=\"font-family: arial, helvetica, sans-serif;\">154,00 \u20ac<\/span><\/td>\n<\/tr>\n<tr>\n<td valign=\"top\"><span style=\"font-family: arial, helvetica, sans-serif;\">8-9 Stunden<\/span><\/td>\n<td valign=\"top\"><span style=\"font-family: arial, helvetica, sans-serif;\">165,00 \u20ac<\/span><\/td>\n<\/tr>\n<tr>\n<td valign=\"top\"><span style=\"font-family: arial, helvetica, sans-serif;\">9-10 Stunden<\/span><\/td>\n<td valign=\"top\"><span style=\"font-family: arial, helvetica, sans-serif;\">176,00 \u20ac<\/span><\/td>\n<\/tr>\n<\/tbody>\n<\/table>\n","protected":false},"excerpt":{"rendered":"<p>\u00d6ffnungszeiten und Schlie\u00dftage Der Kindergarten ist derzeit von 07.15 Uhr bis 16.00 Uhr ge\u00f6ffnet. Bringzeit: 7.15 Uhr &#8211; 8.10 Uhr Die p\u00e4dagogische Kernzeit ist von 8.15 Uhr bis 12.15 Uhr Abholzeiten: 12.30 Uhr &#8211; 13 Uhr sowie von 13.30 Uhr &#8211; 16 Uhr In regelm\u00e4\u00dfigen Abst\u00e4nden ermitteln wir durch Elternbefragung, ob die \u00d6ffnungszeiten den Bed\u00fcrfnissen [&hellip;]<\/p>\n","protected":false},"author":1,"featured_media":0,"parent":54,"menu_order":1,"comment_status":"closed","ping_status":"closed","template":"","meta":{"footnotes":""},"class_list":["post-116","page","type-page","status-publish","hentry"],"_links":{"self":[{"href":"https:\/\/www.kath-kindergarten-st-laurentius.de\/index.php?rest_route=\/wp\/v2\/pages\/116","targetHints":{"allow":["GET"]}}],"collection":[{"href":"https:\/\/www.kath-kindergarten-st-laurentius.de\/index.php?rest_route=\/wp\/v2\/pages"}],"about":[{"href":"https:\/\/www.kath-kindergarten-st-laurentius.de\/index.php?rest_route=\/wp\/v2\/types\/page"}],"author":[{"embeddable":true,"href":"https:\/\/www.kath-kindergarten-st-laurentius.de\/index.php?rest_route=\/wp\/v2\/users\/1"}],"replies":[{"embeddable":true,"href":"https:\/\/www.kath-kindergarten-st-laurentius.de\/index.php?rest_route=%2Fwp%2Fv2%2Fcomments&post=116"}],"version-history":[{"count":17,"href":"https:\/\/www.kath-kindergarten-st-laurentius.de\/index.php?rest_route=\/wp\/v2\/pages\/116\/revisions"}],"predecessor-version":[{"id":1228,"href":"https:\/\/www.kath-kindergarten-st-laurentius.de\/index.php?rest_route=\/wp\/v2\/pages\/116\/revisions\/1228"}],"up":[{"embeddable":true,"href":"https:\/\/www.kath-kindergarten-st-laurentius.de\/index.php?rest_route=\/wp\/v2\/pages\/54"}],"wp:attachment":[{"href":"https:\/\/www.kath-kindergarten-st-laurentius.de\/index.php?rest_route=%2Fwp%2Fv2%2Fmedia&parent=116"}],"curies":[{"name":"wp","href":"https:\/\/api.w.org\/{rel}","templated":true}]}}